e a(x).
15
Let t(p) = 2*p**2 - 3*p + 3. Let u = 6 + -4. Give t(u).
5
Suppose 227 = 3*f + 230. Let d(g) be the second derivative of g**5/20 - g**3/6 - g**2/2 + g. Let w(j) be the first derivative of d(j). What is w(f)?
2
Let d(g) = -12*g**2 - 1 - 3*g + 11*g**2 + 3*g**2. Give d(3).
8
Let i(d) = -d - 1. Suppose 0 = -3*g + 5 + 1. Suppose -3*f = -g*r + 9, r + 2*f + 6 = -2*r. Let o = 0 + r. Calculate i(o).
-1
Let b(x) be the first derivative of 0*x**2 + 1/24*x**4 + 0*x + 1 - 1/120*x**5 - 1/3*x**3 + 1/180*x**6. Let k(p) be the third derivative of b(p). Give k(2).
7
Let l(q) = 2*q**3 + q**2 - q - 1. Suppose 0 = 3*w - k - k - 7, 8 = 2*w - 2*k. Give l(w).
-1
Suppose 0*z = -4*z + 12. Suppose z*f + 4 = -f. Let s(u) = 3*u**2 + 26 - 26 + 2*u**2. Calculate s(f).
5
Let w(y) = -y**3 - 5*y**2 - 4*y + 4. Let g be (-92)/(-22) - 4/22. Suppose 0 = t - 6*t + 5*b - 80, 2*b = -g*t - 46. Let j = 9 + t. Calculate w(j).
4
Let n(y) = y**3 + y**2 - 4*y - 3. Let q be n(-2). Suppose -2*d + 2 = -u, -u - 2*d = 6 - 0. Let p = u - q. Let s(r) = r - 4. Calculate s(p).
-9
Let i = -5 - -7. Let g(y) = -3 + 2*y**i - 3 - 2*y + 3. Let t(m) = -m**3 - 7*m**2 - 9*m - 15. Let u be t(-6). What is g(u)?
9
Let h(d) = -d + 7. Let t be h(8). Let o = 1 + t. Let j(q) = -q**3 - q**2 - 9. What is j(o)?
-9
Let h(l) = -3*l**3 - l**2 + l + 1. Suppose n - v = 2*v - 16, 3*n = 5*v - 28. Give h(n).
2
Suppose 5*f + 11 = -9. Let s(y) = y + 1 + 4*y - 4*y. What is s(f)?
-3
Suppose -5*g + 14 + 6 = 0. Let s(k) = -k**3 + 3*k**2 + 5*k - 5. Determine s(g).
-1
Suppose 15 = -5*j - 2*c, j = -2*j - 4*c - 9. Let u(w) = w**3 + 3*w**2 - 4. Determine u(j).
-4
Suppose 0 = -0*f + 5*f + 25. Let g(o) = 4*o + 2. Calculate g(f).
-18
Let k be 4/(-16) + (-45)/12. Let r be ((-1)/(-4))/((-1)/k). Let l(a) = 4*a - 5. Let g(d) = 6*d - 8. Let c(p) = -5*g(p) + 8*l(p). What is c(r)?
2
Let n(k) = 5*k**3 + 15*k**2 + 15*k - 3. Let f(d) = -3*d**3 - 10*d**2 - 10*d + 2. Let p(b) = 8*f(b) + 5*n(b). Determine p(6).
7
Let z(g) = -g**3 - 5*g**2 - 7*g - 5. Let a = 12 + 0. Suppose -v + a = 4*k, 0 = -3*v + 5*k - 13 - 19. Determine z(v).
7
Let v(d) = d**3 + 7*d**2 - 8*d - 3. Suppose 3*o + 2*w + 28 = 0, -4*o + 2*o = -4*w + 8. What is v(o)?
-3
Suppose 0 = -x + 4*x + 66. Let q = x - -15. Let a(f) = -f - 8. Give a(q).
-1
Let g(x) be the second derivative of -x**4/12 + x**3 - 5*x**2/2 + 2*x. Let k be ((-144)/60)/((-2)/5). Give g(k).
-5
Let h be (4/4)/(-1)*4. Let u(y) = -3*y + 5. Calculate u(h).
17
Let d be (-4)/16 + (-23)/4. Let v = 2 + d. Let c(q) be the first derivative of q**2 + 4*q - 3. Calculate c(v).
-4
Let m be (4 - 4 - 1) + -5. Let u(r) = r**3 + 7*r**2 + 8*r + 2. Determine u(m).
-10
Let s(i) = 11*i - 1. Let r(g) = 5*g**3 - 6*g - 6. Let y(w) = -4*w**3 + w**2 + 6*w + 6. Let d(z) = 5*r(z) + 6*y(z). Let m be d(-5). Determine s(m).
10
Let g(l) = 147*l**2 - 4*l - l**3 - 2*l + 2 - 141*l**2 + 2. Calculate g(5).
-1
Suppose -3*t - 6 = -0*t, -5*u = t + 2. Suppose o + 1 = -5*k, 4*o + 4 = -4*k - u*o. Let b(p) = p + 2. Calculate b(k).
2
Let x be -2 + 1 + 1 + 1. Let c = x + -1. Let o be 1 + -1 + (-4 - c). Let m(l) = -l**3 - 4*l**2 - l - 1. Calculate m(o).
3
Let j(n) be the first derivative of n**2/2 - n + 3. Let c(m) = -2*m**3 + 2*m + 1. Let r = 1 - 2. Let v be c(r). What is j(v)?
0
Let w(j) = j**2 - 9*j + 1. Let h = 168 - 161. What is w(h)?
-13
Let i = 5 - 3. Suppose 0 - 13 = -i*u + 3*j, 0 = -u + 2*j + 7. Let o be (-2)/3 - u/(-3). Let d(k) = -4*k. Give d(o).
-4
Let k(v) be the second derivative of 2*v - 1/6*v**4 - 1/20*v**5 + 0 - v**2 + 0*v**3. What is k(-2)?
-2
Let v(a) be the first derivative of 2*a**2 - a - 16. Let x = 0 - 2. Determine v(x).
-9
Let y(c) be the third derivative of 0*c - 2*c**2 - 1/24*c**4 - 1/3*c**3 - 1/60*c**5 + 0. Determine y(-2).
-4
Let l = 5 + -1. Let t(j) = 6*j**3 - j**2 - 13*j + 7. Let i(o) = 5*o**3 - 12*o + 6. Let h(p) = -7*i(p) + 6*t(p). What is h(l)?
-8
Let u(i) = 7*i**2 + 2*i - 4. Let t(k) = -6*k**2 - k + 3. Let a(p) = 6*t(p) + 5*u(p). Calculate a(3).
1
Let u(p) be the second derivative of -5/2*p**2 + 0 - 7/6*p**3 - 1/2*p**4 - 1/20*p**5 + 6*p. Give u(-5).
5
Let u(g) be the second derivative of -g**5/20 - 5*g**4/12 + 4*g**3/3 - 5*g**2/2 + g + 18. What is u(-6)?
-17
Let i(v) be the third derivative of -v**4/12 + v**3/3 - 3*v**2. Let y(m) = -5*m**3 + m**2 + m. Let c be y(-1). Let b be (-88)/(-20) + 3/c. Give i(b).
-8
Let b(n) be the first derivative of -6*n + 1/3*n**3 - 3*n**2 - 2. Give b(6).
-6
Let u(d) = -d + 1 + 0*d - 3*d - d**2. Let b be 3/5 - (-126)/15. Suppose 3*c + 0*c + b = 0. Give u(c).
4
Let v(f) = -369*f + 359*f - 4 + 15 + f**2. What is v(9)?
2
Let d = -17 - -12. Let f(p) = -698 + p**2 + 698 + 5*p. Give f(d).
0
Let q(p) = -2*p + 3. Let v(k) = -3*k + 7. Let u(t) = 7*q(t) - 4*v(t). Calculate u(-6).
5
Let u(k) = -2*k + 1. Let d(l) = l**3 - 2*l**2 - 5*l + 3. Suppose -3*r + 6*r = 0. Let x be (-1 + r)/((-3)/9). Let w be d(x). What is u(w)?
7
Let n(d) = -3*d**2 - 1 + 2*d**2 - 3*d + 8*d. Let g(b) = -b**2 - 9*b - 4. Let p be g(-8). Determine n(p).
3
Let t(c) = -5*c**3 + 2*c + 1. Let r(b) = -b**3 + b. Let q(v) = -r(v) + t(v). Suppose -2*a = -5*a - 3. What is q(a)?
4
Let g(v) be the first derivative of -v**3/3 + v**2/2 + 25*v - 3. Give g(0).
25
Let t(i) = i + 7. Let q be t(-9). Let x be (-3)/6*-8*1. Let j(n) = -2*n**3 - 2 + x - 2*n**2 + n + 2*n. Give j(q).
4
Suppose -5 = 4*a + 3*y, -2*a + 0*y = 5*y - 1. Let b(i) = -2*i**3 - 2*i**2 + 3*i + 2. What is b(a)?
4
Let o(k) = -2 + 2 - 3 + 4 - 3*k. Let q be 0/(-1)*5/(-10). Let t be (-2)/4*(-4 + q). What is o(t)?
-5
Let q(h) = -3*h + 3. Let a(r) = -10*r + 10. Let v(c) = 2*a(c) - 7*q(c). Determine v(4).
3
Let a(g) = 8*g**2 + 4*g. Let h(q) = 7*q**2 + 3*q. Let u be 2/5*(16 - 1). Let i(x) = u*a(x) - 7*h(x). What is i(3)?
0
Let m(z) be the third derivative of -1/4*z**4 + 0 + 0*z + 4*z**2 + 0*z**3. Give m(1).
-6
Let r(o) = -18*o + 33*o - 4 - 14*o. Determine r(10).
6
Let q(d) = -d**3 + 5*d**2 - 4*d + 1. Let h be 1648/96 - 2/12. Suppose 2*j + h = 25. Give q(j).
1
Let i(c) = 4*c**2 - 2*c - 1. Let x = -3 - -5. Let n(r) = 3*r**2 + r - x*r - r**2 - 2*r**3. Let l be n(1). Give i(l).
5
Let a(k) = -k + 6. Let v(c) = 2. Let q(r) = -2*a(r) + 6*v(r). Let u = 1 + -4. Give q(u).
-6
Suppose -2*f = -3*k - 8, -7*f = -2*k - 2*f + 2. Let r(s) = 6 + 1 + 3*s - 2*s. Let q(n) = 1. Let a(l) = 2*q(l) - r(l). Determine a(k).
-1
Let j(s) be the first derivative of -5*s**2/2 + 2*s - 2. Let r(c) = c**2 + c + 1. Let f(b) = j(b) + r(b). What is f(5)?
8
Suppose -4 = 3*z - z - 4*m, 0 = 2*z - 3*m + 2. Suppose z*y = y. Let p(n) = y*n - n + 2*n. What is p(-1)?
-1
Suppose 2*s = -3*i - 0*s - 4, 5*s = 5*i - 35. Let h(x) be the second derivative of i*x**2 + 0 + 2*x + 1/2*x**3. What is h(3)?
13
Let s(k) = k**3 + 16*k**2 + 16*k + 15. Let j be s(-15). Let c(t) = 4*t**2 + 6*t. Let v(z) = -z**2 - z - 1. Let g(a) = -c(a) - 5*v(a). Determine g(j).
5
Let g(i) = -i - 6. Let r(b) = b + 5. Let q be r(5). Let k be (-2 + 4 - q) + 3. Determine g(k).
-1
Let o(s) = s**3 - 6*s**2 + 2. Let r = 16 + -10. What is o(r)?
2
Let s(j) = -3*j + 3. Let y(d) = 9*d - 10. Let b(t) = 7*s(t) + 2*y(t). Let z(h) = -2*h - 3. Let m be z(4). Let c = 14 + m. Determine b(c).
-8
Let n(s) = -4*s + 2*s + s**2 - 3 - 2*s. Suppose 0 = -a - a + 10. Let b be 3*a/(45/(-6)). Calculate n(b).
9
Suppose 0 = 5*i - 1 - 24. Let u(z) = -z + z + 6 - 4*z + 2*z. Calculate u(i).
-4
Let x(n) = -n**3 - 1. Let y(l) = 4*l**3 - 5*l**2 - 3*l + 2. Let h(v) = -5*x(v) - y(v). Give h(-4).
7
Let u be (6/(-2))/(6/(-6)). Let c(x) = 0 - 7*x + 0 + 2*x**3 - 7*x**2 - u*x**3 - 9. Calculate c(-6).
-3
Let c(u) = 3*u**2 - 3*u - 8. Let k(r) = 5*r**2 - 5*r - 12. Let f(v) = -8*c(v) + 5*k(v). What is f(0)?
4
Let h(k) = -k**2 + 4*k - 5. Let o = 6 + -10. Let a = 4 + o. Suppose a = 2*j - 5*j + 12. What is h(j)?
-5
Let p(f) be the first derivative of -5*f - 7/2*f**2 - 3 - 2*f**3 - 1/4*f**4. Calculate p(-5).
5
Let d = 9 + -7. Suppose d*f - 4*f = -8. Let k(q) = q - q + 1 - q. What is k(f)?
-3
Let l(f) = 4*f + 2. Suppose 4*t + 4*a + 16 = 0, t - 1 = -0*t + 4*a. Determine l(t).
-10
Let p(h) be the first derivative of -h**4/24 - h**3/2 + 3*h**2/2 + 4. Let w(g) be the second derivative of p(g). What is w(-5)?
2
Let s be 0*(1/(-2) + 0). Let i be (-1 + s)/((-1)/1). Let l(x) = 2*x**2 - 3*x + 3. Let d(j) = j**2 - j + 1. Let g(p) = 4*d